{"id":1191,"date":"2025-11-19T18:50:41","date_gmt":"2025-11-19T18:50:41","guid":{"rendered":"http:\/\/www.aegois.com\/site\/?page_id=1191"},"modified":"2025-12-06T17:01:44","modified_gmt":"2025-12-06T17:01:44","slug":"iniciacao-as-tic","status":"publish","type":"page","link":"https:\/\/www.aegois.com\/site\/projetos-e-clubes\/iniciacao-as-tic\/","title":{"rendered":"Projeto Parlamento dos Jovens"},"content":{"rendered":"<p><img loading=\"lazy\" decoding=\"async\" class=\"alignnone wp-image-4599\" src=\"https:\/\/www.aegois.com\/site\/wp-content\/uploads\/2022\/11\/logo_PJ_HP-300x112.png\" sizes=\"auto, (max-width: 367px) 100vw, 367px\" srcset=\"https:\/\/www.aegois.com\/site\/wp-content\/uploads\/2022\/11\/logo_PJ_HP-300x112.png 300w, https:\/\/www.aegois.com\/site\/wp-content\/uploads\/2022\/11\/logo_PJ_HP.png 456w\" alt=\"\" width=\"367\" height=\"137\" \/><\/p>\n<p>O Agrupamento de Escolas de G\u00f3is associa-se a esta iniciativa, como tem sido h\u00e1bito nos \u00faltimos anos.<\/p>\n<p>Constituem objetivos do Programa<\/p>\n<ul>\n<li>Educar para a cidadania, estimulando o gosto pela participa\u00e7\u00e3o c\u00edvica e pol\u00edtica;<\/li>\n<li>Dar a conhecer a Assembleia da Rep\u00fablica, o significado do mandato parlamentar, as regras do debate parlamentar e o processo de decis\u00e3o do Parlamento, enquanto \u00f3rg\u00e3o representativo de todos os cidad\u00e3os portugueses;<\/li>\n<li>Promover o debate democr\u00e1tico, o respeito pela diversidade de opini\u00f5es e pelas regras de forma\u00e7\u00e3o das decis\u00f5es;<\/li>\n<li>Incentivar a reflex\u00e3o e o debate sobre um tema, definido anualmente;<\/li>\n<li>Proporcionar a experi\u00eancia de participa\u00e7\u00e3o em processos eleitorais;<\/li>\n<li>Estimular as capacidades de express\u00e3o e argumenta\u00e7\u00e3o na defesa das ideias, com respeito\u00a0 pelos valores da toler\u00e2ncia e da forma\u00e7\u00e3o da vontade da maioria;<\/li>\n<li>Sublinhar a import\u00e2ncia da sua contribui\u00e7\u00e3o para a resolu\u00e7\u00e3o de quest\u00f5es que afetem o seu presente e o futuro individual e coletivo, fazendo ouvir as suas propostas junto dos \u00f3rg\u00e3os do poder pol\u00edtico.<\/li>\n<\/ul>\n","protected":false},"excerpt":{"rendered":"<p>O Agrupamento de Escolas de G\u00f3is associa-se a esta iniciativa, como tem sido h\u00e1bito nos \u00faltimos anos. Constituem objetivos do Programa Educar para a cidadania, estimulando o gosto pela participa\u00e7\u00e3o c\u00edvica e pol\u00edtica; Dar a conhecer a Assembleia da Rep\u00fablica,&hellip; <\/p>\n","protected":false},"author":2,"featured_media":0,"parent":14,"menu_order":0,"comment_status":"closed","ping_status":"closed","template":"","meta":{"footnotes":""},"class_list":["post-1191","page","type-page","status-publish","hentry"],"_links":{"self":[{"href":"https:\/\/www.aegois.com\/site\/wp-json\/wp\/v2\/pages\/1191","targetHints":{"allow":["GET"]}}],"collection":[{"href":"https:\/\/www.aegois.com\/site\/wp-json\/wp\/v2\/pages"}],"about":[{"href":"https:\/\/www.aegois.com\/site\/wp-json\/wp\/v2\/types\/page"}],"author":[{"embeddable":true,"href":"https:\/\/www.aegois.com\/site\/wp-json\/wp\/v2\/users\/2"}],"replies":[{"embeddable":true,"href":"https:\/\/www.aegois.com\/site\/wp-json\/wp\/v2\/comments?post=1191"}],"version-history":[{"count":8,"href":"https:\/\/www.aegois.com\/site\/wp-json\/wp\/v2\/pages\/1191\/revisions"}],"predecessor-version":[{"id":6153,"href":"https:\/\/www.aegois.com\/site\/wp-json\/wp\/v2\/pages\/1191\/revisions\/6153"}],"up":[{"embeddable":true,"href":"https:\/\/www.aegois.com\/site\/wp-json\/wp\/v2\/pages\/14"}],"wp:attachment":[{"href":"https:\/\/www.aegois.com\/site\/wp-json\/wp\/v2\/media?parent=1191"}],"curies":[{"name":"wp","href":"https:\/\/api.w.org\/{rel}","templated":true}]}}