{"id":274,"date":"2022-09-11T13:49:11","date_gmt":"2022-09-11T12:49:11","guid":{"rendered":"http:\/\/www.aegois.com\/site\/?page_id=274"},"modified":"2022-09-11T13:57:53","modified_gmt":"2022-09-11T12:57:53","slug":"associacao-de-pais","status":"publish","type":"page","link":"https:\/\/www.aegois.com\/site\/alunos\/associacao-de-pais\/","title":{"rendered":"Associa\u00e7\u00e3o de Pais"},"content":{"rendered":"<p style=\"text-align: center;\"><strong>Associa\u00e7\u00e3o de Pais e Encarregados de Educa\u00e7\u00e3o do Agrupamento de Escolas de G\u00f3is \u2013 2022\/2024<\/strong><\/p>\n<p><strong>ESTATUTOS &#8211; <a href=\"https:\/\/www.aegois.com\/site\/wp-content\/uploads\/2022\/09\/APEEECG_Estatutos.pdf\">AQUI<\/a><\/strong><\/p>\n<p><strong>FICHA DE INSCRI\u00c7\u00c3O<\/strong>\u00a0&#8211; <a href=\"https:\/\/www.aegois.com\/site\/wp-content\/uploads\/2022\/09\/Ficha-de-inscricao_APEEAEG_2022-2023.pdf\"><strong>AQUI<\/strong><\/a><\/p>\n<p><strong>EMAIL DE CONTACTO<\/strong> &#8211; apeegois@gmail.com<\/p>\n<div><strong>SEDE &#8211;<\/strong> Resid\u00eancia de Estudantes de G\u00f3is (Sala 1)<\/div>\n<div>Rua Comandante Henrique Babiano Baeta Neves, n\u00ba 11<\/div>\n<div>3330-216 G\u00f3is<\/div>\n<div><\/div>\n<div><\/div>\n<p><strong>\u00d3RG\u00c3OS SOCIAIS &#8211; <a href=\"https:\/\/www.aegois.com\/site\/wp-content\/uploads\/2022\/09\/OrgaosSociais_APEEG_2022_2024.pdf\">AQUI<\/a><\/strong><\/p>\n<p style=\"text-align: center;\"><strong>Assembleia Geral<\/strong><\/p>\n<p style=\"text-align: left;\"><strong>Presidente<\/strong><br \/>\nAna Sofia Bandeira Dias Nogueira<\/p>\n<p style=\"text-align: left;\"><strong>1\u00ba Secret\u00e1rio<\/strong><br \/>\nMarta Raquel Garcia Alves<\/p>\n<p><strong>2\u00ba Secret\u00e1rio<\/strong><br \/>\nGon\u00e7alo Filipe Lu\u00eds Barata<\/p>\n<p><strong>Suplente<\/strong><br \/>\nTeresa Margarida Rosa Barata<\/p>\n<p><strong>Suplente<\/strong><br \/>\nAline Neves Le Guennan<\/p>\n<p><strong>Suplente<\/strong><br \/>\nLiliana Catariana Lote Temprilho<\/p>\n<p><strong>Suplente<\/strong><br \/>\nFilipa Alexandra Rodrigues Reis<\/p>\n<p style=\"text-align: center;\"><strong>Dire\u00e7\u00e3o<\/strong><\/p>\n<p style=\"text-align: left;\"><strong>Presidente<\/strong><br \/>\nLu\u00eds Ant\u00f3nio Martins<\/p>\n<p style=\"text-align: left;\"><strong>Vice-presidente<\/strong><br \/>\nCatarina Castilho Marques de S\u00e1 Ventura<\/p>\n<p style=\"text-align: left;\"><strong>Secret\u00e1rio<\/strong><br \/>\nRaquel Lu\u00eds Matias<\/p>\n<p style=\"text-align: left;\"><strong>Tesoureiro<\/strong><\/p>\n<p style=\"text-align: left;\">L\u00facia Dias Mar\u00e7al<\/p>\n<p style=\"text-align: left;\"><strong>Vogal<\/strong><br \/>\nGon\u00e7alo Henrique Lopes Sousa<\/p>\n<p style=\"text-align: left;\"><strong>Suplente<\/strong><br \/>\nAna Cristina Reis Carvalho<\/p>\n<p style=\"text-align: left;\"><strong>Suplente<\/strong><br \/>\nS\u00edlvia Helena Martins<\/p>\n<p style=\"text-align: left;\"><strong>Suplente<\/strong><br \/>\nCarla Sofia Garcia<\/p>\n<p style=\"text-align: center;\"><strong>Conselho Fiscal<\/strong><\/p>\n<p style=\"text-align: left;\"><strong>Presidente<\/strong><br \/>\nSandrine Sim\u00f5es Alves<\/p>\n<p style=\"text-align: left;\"><strong>Secret\u00e1rio<\/strong><br \/>\nMaria Isabel da Luz Martins<\/p>\n<p style=\"text-align: left;\"><strong>Vogal<\/strong><br \/>\nAna Rute Santos Fonseca<\/p>\n<p style=\"text-align: left;\"><strong>Suplente<\/strong><br \/>\nJos\u00e9 Diogo Sanches<\/p>\n<p style=\"text-align: left;\"><strong>Suplente<\/strong><br \/>\nAndreia Rafaela Gaspar Vidal<\/p>\n<p style=\"text-align: left;\"><strong>Suplente<\/strong><br \/>\nElisabete Cristina Carneiro Ascen\u00e7\u00e3o<\/p>\n<p>&nbsp;<\/p>\n","protected":false},"excerpt":{"rendered":"<p>Associa\u00e7\u00e3o de Pais e Encarregados de Educa\u00e7\u00e3o do Agrupamento de Escolas de G\u00f3is \u2013 2022\/2024 ESTATUTOS &#8211; AQUI FICHA DE INSCRI\u00c7\u00c3O\u00a0&#8211; AQUI EMAIL DE CONTACTO &#8211; apeegois@gmail.com SEDE &#8211; Resid\u00eancia de Estudantes de G\u00f3is (Sala 1) Rua Comandante Henrique Babiano&hellip; <\/p>\n","protected":false},"author":2,"featured_media":0,"parent":102,"menu_order":0,"comment_status":"closed","ping_status":"closed","template":"","meta":{"footnotes":""},"class_list":["post-274","page","type-page","status-publish","hentry"],"_links":{"self":[{"href":"https:\/\/www.aegois.com\/site\/wp-json\/wp\/v2\/pages\/274","targetHints":{"allow":["GET"]}}],"collection":[{"href":"https:\/\/www.aegois.com\/site\/wp-json\/wp\/v2\/pages"}],"about":[{"href":"https:\/\/www.aegois.com\/site\/wp-json\/wp\/v2\/types\/page"}],"author":[{"embeddable":true,"href":"https:\/\/www.aegois.com\/site\/wp-json\/wp\/v2\/users\/2"}],"replies":[{"embeddable":true,"href":"https:\/\/www.aegois.com\/site\/wp-json\/wp\/v2\/comments?post=274"}],"version-history":[{"count":13,"href":"https:\/\/www.aegois.com\/site\/wp-json\/wp\/v2\/pages\/274\/revisions"}],"predecessor-version":[{"id":4339,"href":"https:\/\/www.aegois.com\/site\/wp-json\/wp\/v2\/pages\/274\/revisions\/4339"}],"up":[{"embeddable":true,"href":"https:\/\/www.aegois.com\/site\/wp-json\/wp\/v2\/pages\/102"}],"wp:attachment":[{"href":"https:\/\/www.aegois.com\/site\/wp-json\/wp\/v2\/media?parent=274"}],"curies":[{"name":"wp","href":"https:\/\/api.w.org\/{rel}","templated":true}]}}