{"id":3000,"date":"2025-09-14T09:25:57","date_gmt":"2025-09-14T08:25:57","guid":{"rendered":"http:\/\/www.aegois.com\/site\/?page_id=3000"},"modified":"2025-12-06T19:39:44","modified_gmt":"2025-12-06T19:39:44","slug":"educacao-pre-escolar-de-alvares","status":"publish","type":"page","link":"https:\/\/www.aegois.com\/site\/alunos\/turmas\/educacao-pre-escolar\/educacao-pre-escolar-de-alvares\/","title":{"rendered":"Alvares"},"content":{"rendered":"<p>&nbsp;<\/p>\n<p><strong>EDUCA\u00c7\u00c3O PR\u00c9-ESCOLAR DE ALVARES<\/strong><\/p>\n<p><img loading=\"lazy\" decoding=\"async\" class=\"wp-image-3005 size-full alignnone\" src=\"https:\/\/www.aegois.com\/site\/wp-content\/uploads\/2019\/09\/EB-de-Alvares.jpg\" alt=\"EDUCA\u00c7\u00c3O PR\u00c9-ESCOLAR DE ALVARES\" width=\"275\" height=\"196\" \/><\/p>\n<p>&nbsp;<\/p>\n<p>A Escola B\u00e1sica Anselmo dos<span style=\"font-size: 14px;\"> Santos Ferreira\u00a0<\/span><span style=\"font-size: 14px;\">integra a Educa\u00e7\u00e3o Pr\u00e9-Escolar possuindo um total de 7 crian\u00e7as.<\/span><\/p>\n","protected":false},"excerpt":{"rendered":"<p>&nbsp; EDUCA\u00c7\u00c3O PR\u00c9-ESCOLAR DE ALVARES &nbsp; A Escola B\u00e1sica Anselmo dos Santos Ferreira\u00a0integra a Educa\u00e7\u00e3o Pr\u00e9-Escolar possuindo um total de 7 crian\u00e7as.<\/p>\n","protected":false},"author":2,"featured_media":0,"parent":244,"menu_order":0,"comment_status":"closed","ping_status":"closed","template":"","meta":{"footnotes":""},"class_list":["post-3000","page","type-page","status-publish","hentry"],"_links":{"self":[{"href":"https:\/\/www.aegois.com\/site\/wp-json\/wp\/v2\/pages\/3000","targetHints":{"allow":["GET"]}}],"collection":[{"href":"https:\/\/www.aegois.com\/site\/wp-json\/wp\/v2\/pages"}],"about":[{"href":"https:\/\/www.aegois.com\/site\/wp-json\/wp\/v2\/types\/page"}],"author":[{"embeddable":true,"href":"https:\/\/www.aegois.com\/site\/wp-json\/wp\/v2\/users\/2"}],"replies":[{"embeddable":true,"href":"https:\/\/www.aegois.com\/site\/wp-json\/wp\/v2\/comments?post=3000"}],"version-history":[{"count":12,"href":"https:\/\/www.aegois.com\/site\/wp-json\/wp\/v2\/pages\/3000\/revisions"}],"predecessor-version":[{"id":5627,"href":"https:\/\/www.aegois.com\/site\/wp-json\/wp\/v2\/pages\/3000\/revisions\/5627"}],"up":[{"embeddable":true,"href":"https:\/\/www.aegois.com\/site\/wp-json\/wp\/v2\/pages\/244"}],"wp:attachment":[{"href":"https:\/\/www.aegois.com\/site\/wp-json\/wp\/v2\/media?parent=3000"}],"curies":[{"name":"wp","href":"https:\/\/api.w.org\/{rel}","templated":true}]}}