{"id":50,"date":"2020-09-01T19:25:55","date_gmt":"2020-09-01T18:25:55","guid":{"rendered":"http:\/\/www.aegois.com\/site\/?page_id=50"},"modified":"2020-12-25T16:25:03","modified_gmt":"2020-12-25T16:25:03","slug":"plano-de-melhoria","status":"publish","type":"page","link":"https:\/\/www.aegois.com\/site\/documentos\/plano-de-melhoria\/","title":{"rendered":"Plano de A\u00e7\u00e3o no \u00c2mbito do Programa Nacional de Promo\u00e7\u00e3o do Sucesso Escolar"},"content":{"rendered":"<p><strong>PROJETO SUBMETIDO EM AGOSTO DE 2020 PARA 2020\/2021<\/strong><\/p>\n<p><strong><a href=\"https:\/\/www.aegois.com\/site\/wp-content\/uploads\/2020\/12\/PNPSE_Medida1e2-1.pdf\">PLANO DE DESENVOLVIMENTO PESSOAL, SOCIAL E COMUNIT\u00c1RIO<\/a><\/strong><\/p>\n<p>&nbsp;<\/p>\n<p><strong>PROJETO SUBMETIDO NO FINAL DO ANO LETIVO 2015\/2016<\/strong><\/p>\n<p><a href=\"https:\/\/www.aegois.com\/site\/wp-content\/uploads\/2016\/08\/1-Bem-falar....pdf\"><strong>MEDIDA 1- \u00abBem falar e bem escrever, mostra bem pensar.\u00bb<\/strong><\/a><\/p>\n<p><strong><a href=\"https:\/\/www.aegois.com\/site\/wp-content\/uploads\/2016\/08\/2-Matem\u00e1tica.pdf\">MEDIDA 2- Matem\u00e1tica S.O.S.: &#8220;Sucesso origina Sucesso&#8221;.<\/a><\/strong><\/p>\n<p><a href=\"https:\/\/www.aegois.com\/site\/wp-content\/uploads\/2016\/08\/3-Ingl\u00eas.pdf\"><strong>MEDIDA 3- &#8220;Learn Englih: Mission Possible I e II&#8221;.<\/strong><\/a><\/p>\n<p><a href=\"https:\/\/www.aegois.com\/site\/wp-content\/uploads\/2016\/08\/4-Incluir-para-o-sucesso.pdf\"><strong>MEDIDA 4- Incluir para o sucesso<\/strong>.<\/a><\/p>\n<p><strong><a href=\"https:\/\/www.aegois.com\/site\/wp-content\/uploads\/2016\/08\/5-Motivar-para-Melhorar.pdf\">MEDIDA 5- Motivar para Melhorar \/ Gabinete de Apoio ao Aluno e \u00e0 Fam\u00edlia<\/a><\/strong><\/p>\n<p>&nbsp;<\/p>\n<p><strong>PROJE\u00c7\u00c3O DE TAXA DE RETEN\u00c7\u00c3O E DESIST\u00caNCIA POR ANO LETIVO &#8211; DOCUMENTO PROVENIENTE DO MINIST\u00c9RIO DA EDUCA\u00c7\u00c3O<\/strong><\/p>\n<p><strong>2014\/2015; 2015\/2016; 2016\/2017; 2017\/2018<\/strong><\/p>\n<p><strong><a href=\"https:\/\/www.aegois.com\/site\/wp-content\/uploads\/2016\/08\/Anexo-35-SIMULADOR-PROJE\u00c7\u00c3O_Reten\u00e7\u00e3o-e-desist\u00eancia-A.pdf\">SIMULADOR PROJE\u00c7\u00c3O &#8211; Reten\u00e7\u00e3o e desist\u00eancia<\/a><\/strong><\/p>\n","protected":false},"excerpt":{"rendered":"<p>PROJETO SUBMETIDO EM AGOSTO DE 2020 PARA 2020\/2021 PLANO DE DESENVOLVIMENTO PESSOAL, SOCIAL E COMUNIT\u00c1RIO &nbsp; PROJETO SUBMETIDO NO FINAL DO ANO LETIVO 2015\/2016 MEDIDA 1- \u00abBem falar e bem escrever, mostra bem pensar.\u00bb MEDIDA 2- Matem\u00e1tica S.O.S.: &#8220;Sucesso origina&hellip; <\/p>\n","protected":false},"author":2,"featured_media":0,"parent":12,"menu_order":0,"comment_status":"closed","ping_status":"closed","template":"","meta":{"footnotes":""},"class_list":["post-50","page","type-page","status-publish","hentry"],"_links":{"self":[{"href":"https:\/\/www.aegois.com\/site\/wp-json\/wp\/v2\/pages\/50","targetHints":{"allow":["GET"]}}],"collection":[{"href":"https:\/\/www.aegois.com\/site\/wp-json\/wp\/v2\/pages"}],"about":[{"href":"https:\/\/www.aegois.com\/site\/wp-json\/wp\/v2\/types\/page"}],"author":[{"embeddable":true,"href":"https:\/\/www.aegois.com\/site\/wp-json\/wp\/v2\/users\/2"}],"replies":[{"embeddable":true,"href":"https:\/\/www.aegois.com\/site\/wp-json\/wp\/v2\/comments?post=50"}],"version-history":[{"count":6,"href":"https:\/\/www.aegois.com\/site\/wp-json\/wp\/v2\/pages\/50\/revisions"}],"predecessor-version":[{"id":3419,"href":"https:\/\/www.aegois.com\/site\/wp-json\/wp\/v2\/pages\/50\/revisions\/3419"}],"up":[{"embeddable":true,"href":"https:\/\/www.aegois.com\/site\/wp-json\/wp\/v2\/pages\/12"}],"wp:attachment":[{"href":"https:\/\/www.aegois.com\/site\/wp-json\/wp\/v2\/media?parent=50"}],"curies":[{"name":"wp","href":"https:\/\/api.w.org\/{rel}","templated":true}]}}