{"id":60,"date":"2025-11-18T18:02:59","date_gmt":"2025-11-18T18:02:59","guid":{"rendered":"http:\/\/www.aegois.com\/site\/?page_id=60"},"modified":"2025-12-06T17:00:22","modified_gmt":"2025-12-06T17:00:22","slug":"pes","status":"publish","type":"page","link":"https:\/\/www.aegois.com\/site\/projetos-e-clubes\/pes\/","title":{"rendered":"PES"},"content":{"rendered":"<p style=\"text-align: justify;\">\u00a0 <img loading=\"lazy\" decoding=\"async\" class=\"alignnone wp-image-6149\" src=\"https:\/\/www.aegois.com\/site\/wp-content\/uploads\/2025\/12\/DSCF7290-300x200.jpg\" alt=\"\" width=\"284\" height=\"189\" srcset=\"https:\/\/www.aegois.com\/site\/wp-content\/uploads\/2025\/12\/DSCF7290-300x200.jpg 300w, https:\/\/www.aegois.com\/site\/wp-content\/uploads\/2025\/12\/DSCF7290-1024x683.jpg 1024w, https:\/\/www.aegois.com\/site\/wp-content\/uploads\/2025\/12\/DSCF7290-768x512.jpg 768w, https:\/\/www.aegois.com\/site\/wp-content\/uploads\/2025\/12\/DSCF7290-1536x1024.jpg 1536w, https:\/\/www.aegois.com\/site\/wp-content\/uploads\/2025\/12\/DSCF7290-2048x1365.jpg 2048w\" sizes=\"auto, (max-width: 284px) 100vw, 284px\" \/> <img loading=\"lazy\" decoding=\"async\" class=\"alignnone wp-image-6150\" src=\"https:\/\/www.aegois.com\/site\/wp-content\/uploads\/2025\/12\/DSCF7284-300x200.jpg\" alt=\"\" width=\"284\" height=\"189\" srcset=\"https:\/\/www.aegois.com\/site\/wp-content\/uploads\/2025\/12\/DSCF7284-300x200.jpg 300w, https:\/\/www.aegois.com\/site\/wp-content\/uploads\/2025\/12\/DSCF7284-1024x683.jpg 1024w, https:\/\/www.aegois.com\/site\/wp-content\/uploads\/2025\/12\/DSCF7284-768x512.jpg 768w, https:\/\/www.aegois.com\/site\/wp-content\/uploads\/2025\/12\/DSCF7284-1536x1024.jpg 1536w, https:\/\/www.aegois.com\/site\/wp-content\/uploads\/2025\/12\/DSCF7284-2048x1365.jpg 2048w\" sizes=\"auto, (max-width: 284px) 100vw, 284px\" \/><\/p>\n<p style=\"text-align: justify;\">O <strong>Projeto de Educa\u00e7\u00e3o para a Sa\u00fade\/Clube da Sa\u00fade<\/strong> destina-se a toda a Comunidade e prop\u00f5e-se:<\/p>\n<p style=\"text-align: justify;\">&#8211; Promover um espa\u00e7o de debate e troca de experi\u00eancias;<\/p>\n<p style=\"text-align: justify;\">&#8211; Envolver os Servi\u00e7os de Psicologia e Orienta\u00e7\u00e3o;<\/p>\n<p style=\"text-align: justify;\">&#8211; Estabelecer parcerias com entidades locais;<\/p>\n<p style=\"text-align: justify;\">&#8211; Participar na d<span style=\"font-size: 14px;\">inamiza\u00e7\u00e3o do Cantinho da Sa\u00fade;<\/span><\/p>\n<p style=\"text-align: justify;\">&#8211; Apoiar a comunidade educativa em aspetos que se relacionem com h\u00e1bitos de vida saud\u00e1vel;<\/p>\n<p style=\"text-align: justify;\">&#8211; Esclarecer d\u00favidas solicitadas pelos alunos\/comunidade educativa;<\/p>\n<p style=\"text-align: justify;\">&#8211; Proporcionar um meio sigiloso de colocar quest\u00f5es na \u00e1rea da sa\u00fade;<\/p>\n<p style=\"text-align: justify;\">&#8211; Fomentar um clima de bem-estar f\u00edsico e mental.<\/p>\n<p style=\"text-align: justify;\"><img loading=\"lazy\" decoding=\"async\" class=\"size-full wp-image-1432 aligncenter\" src=\"https:\/\/www.aegois.com\/site\/wp-content\/uploads\/2016\/08\/Dia-Mundial-da-Sa\u00fade.jpg\" alt=\"Dia Mundial da Sa\u00fade\" width=\"219\" height=\"208\" \/><\/p>\n<p style=\"text-align: justify;\"><img loading=\"lazy\" decoding=\"async\" class=\"size-medium wp-image-1434 aligncenter\" src=\"https:\/\/www.aegois.com\/site\/wp-content\/uploads\/2016\/08\/Sa\u00fade-Um-Investimento-para-a-Vida-300x203.jpg\" alt=\"Sa\u00fade Um Investimento para a Vida\" width=\"300\" height=\"203\" srcset=\"https:\/\/www.aegois.com\/site\/wp-content\/uploads\/2016\/08\/Sa\u00fade-Um-Investimento-para-a-Vida-300x203.jpg 300w, https:\/\/www.aegois.com\/site\/wp-content\/uploads\/2016\/08\/Sa\u00fade-Um-Investimento-para-a-Vida.jpg 348w\" sizes=\"auto, (max-width: 300px) 100vw, 300px\" \/><\/p>\n<p style=\"text-align: justify;\">\n","protected":false},"excerpt":{"rendered":"<p>\u00a0 O Projeto de Educa\u00e7\u00e3o para a Sa\u00fade\/Clube da Sa\u00fade destina-se a toda a Comunidade e prop\u00f5e-se: &#8211; Promover um espa\u00e7o de debate e troca de experi\u00eancias; &#8211; Envolver os Servi\u00e7os de Psicologia e Orienta\u00e7\u00e3o; &#8211; Estabelecer parcerias com entidades&hellip; <\/p>\n","protected":false},"author":2,"featured_media":0,"parent":14,"menu_order":0,"comment_status":"closed","ping_status":"closed","template":"","meta":{"footnotes":""},"class_list":["post-60","page","type-page","status-publish","hentry"],"_links":{"self":[{"href":"https:\/\/www.aegois.com\/site\/wp-json\/wp\/v2\/pages\/60","targetHints":{"allow":["GET"]}}],"collection":[{"href":"https:\/\/www.aegois.com\/site\/wp-json\/wp\/v2\/pages"}],"about":[{"href":"https:\/\/www.aegois.com\/site\/wp-json\/wp\/v2\/types\/page"}],"author":[{"embeddable":true,"href":"https:\/\/www.aegois.com\/site\/wp-json\/wp\/v2\/users\/2"}],"replies":[{"embeddable":true,"href":"https:\/\/www.aegois.com\/site\/wp-json\/wp\/v2\/comments?post=60"}],"version-history":[{"count":8,"href":"https:\/\/www.aegois.com\/site\/wp-json\/wp\/v2\/pages\/60\/revisions"}],"predecessor-version":[{"id":6152,"href":"https:\/\/www.aegois.com\/site\/wp-json\/wp\/v2\/pages\/60\/revisions\/6152"}],"up":[{"embeddable":true,"href":"https:\/\/www.aegois.com\/site\/wp-json\/wp\/v2\/pages\/14"}],"wp:attachment":[{"href":"https:\/\/www.aegois.com\/site\/wp-json\/wp\/v2\/media?parent=60"}],"curies":[{"name":"wp","href":"https:\/\/api.w.org\/{rel}","templated":true}]}}