{"id":74,"date":"2025-05-20T11:27:58","date_gmt":"2025-05-20T10:27:58","guid":{"rendered":"http:\/\/www.aegois.com\/site\/?page_id=74"},"modified":"2025-12-06T17:38:25","modified_gmt":"2025-12-06T17:38:25","slug":"evacuacao-procedimentos","status":"publish","type":"page","link":"https:\/\/www.aegois.com\/site\/projetos-e-clubes\/projeto-de-seguranca\/evacuacao-procedimentos\/","title":{"rendered":"Evacua\u00e7\u00e3o &#8211; Procedimentos"},"content":{"rendered":"<p><img loading=\"lazy\" decoding=\"async\" class=\"alignnone  wp-image-6161\" src=\"https:\/\/www.aegois.com\/site\/wp-content\/uploads\/2025\/12\/Instrucoes-gerais-de-seguranca-212x300.jpg\" alt=\"\" width=\"566\" height=\"801\" srcset=\"https:\/\/www.aegois.com\/site\/wp-content\/uploads\/2025\/12\/Instrucoes-gerais-de-seguranca-212x300.jpg 212w, https:\/\/www.aegois.com\/site\/wp-content\/uploads\/2025\/12\/Instrucoes-gerais-de-seguranca-724x1024.jpg 724w, https:\/\/www.aegois.com\/site\/wp-content\/uploads\/2025\/12\/Instrucoes-gerais-de-seguranca-768x1086.jpg 768w, https:\/\/www.aegois.com\/site\/wp-content\/uploads\/2025\/12\/Instrucoes-gerais-de-seguranca-1087x1536.jpg 1087w, https:\/\/www.aegois.com\/site\/wp-content\/uploads\/2025\/12\/Instrucoes-gerais-de-seguranca-1449x2048.jpg 1449w, https:\/\/www.aegois.com\/site\/wp-content\/uploads\/2025\/12\/Instrucoes-gerais-de-seguranca-scaled.jpg 1811w\" sizes=\"auto, (max-width: 566px) 100vw, 566px\" \/><\/p>\n<p>&nbsp;<\/p>\n<p><strong><a href=\"https:\/\/www.aegois.com\/site\/wp-content\/uploads\/2025\/12\/GOIS-Plano-de-Prevencao-e-Emergencia.pdf\">G\u00d3IS &#8211; Plano-de-Preven\u00e7\u00e3o e Emerg\u00eancia<\/a><\/strong><\/p>\n","protected":false},"excerpt":{"rendered":"<p>&nbsp; G\u00d3IS &#8211; Plano-de-Preven\u00e7\u00e3o e Emerg\u00eancia<\/p>\n","protected":false},"author":2,"featured_media":0,"parent":66,"menu_order":0,"comment_status":"closed","ping_status":"closed","template":"","meta":{"footnotes":""},"class_list":["post-74","page","type-page","status-publish","hentry"],"_links":{"self":[{"href":"https:\/\/www.aegois.com\/site\/wp-json\/wp\/v2\/pages\/74","targetHints":{"allow":["GET"]}}],"collection":[{"href":"https:\/\/www.aegois.com\/site\/wp-json\/wp\/v2\/pages"}],"about":[{"href":"https:\/\/www.aegois.com\/site\/wp-json\/wp\/v2\/types\/page"}],"author":[{"embeddable":true,"href":"https:\/\/www.aegois.com\/site\/wp-json\/wp\/v2\/users\/2"}],"replies":[{"embeddable":true,"href":"https:\/\/www.aegois.com\/site\/wp-json\/wp\/v2\/comments?post=74"}],"version-history":[{"count":6,"href":"https:\/\/www.aegois.com\/site\/wp-json\/wp\/v2\/pages\/74\/revisions"}],"predecessor-version":[{"id":6163,"href":"https:\/\/www.aegois.com\/site\/wp-json\/wp\/v2\/pages\/74\/revisions\/6163"}],"up":[{"embeddable":true,"href":"https:\/\/www.aegois.com\/site\/wp-json\/wp\/v2\/pages\/66"}],"wp:attachment":[{"href":"https:\/\/www.aegois.com\/site\/wp-json\/wp\/v2\/media?parent=74"}],"curies":[{"name":"wp","href":"https:\/\/api.w.org\/{rel}","templated":true}]}}