{"id":82,"date":"2016-08-26T18:47:17","date_gmt":"2016-08-26T17:47:17","guid":{"rendered":"http:\/\/www.aegois.com\/site\/?page_id=82"},"modified":"2016-08-26T20:20:33","modified_gmt":"2016-08-26T19:20:33","slug":"ciencias-sociais-e-humanas","status":"publish","type":"page","link":"https:\/\/www.aegois.com\/site\/professores\/departamentos\/ciencias-sociais-e-humanas\/","title":{"rendered":"Ci\u00eancias Sociais e Humanas"},"content":{"rendered":"<p style=\"text-align: justify;\">Este Departamento \u00e9 constitu\u00eddo pelos docentes dos Grupos de Recrutamento:<\/p>\n<p style=\"text-align: justify;\">200 &#8211; Portugu\u00eas e Estudos Sociais\/Hist\u00f3ria<\/p>\n<p style=\"text-align: justify;\">290 &#8211; Educa\u00e7\u00e3o Moral e Religiosa Cat\u00f3lica (EMRC)<\/p>\n<p style=\"text-align: justify;\">400 &#8211; Hist\u00f3ria<\/p>\n<p style=\"text-align: justify;\">420 &#8211; Geografia<\/p>\n","protected":false},"excerpt":{"rendered":"<p>Este Departamento \u00e9 constitu\u00eddo pelos docentes dos Grupos de Recrutamento: 200 &#8211; Portugu\u00eas e Estudos Sociais\/Hist\u00f3ria 290 &#8211; Educa\u00e7\u00e3o Moral e Religiosa Cat\u00f3lica (EMRC) 400 &#8211; Hist\u00f3ria 420 &#8211; Geografia<\/p>\n","protected":false},"author":2,"featured_media":0,"parent":78,"menu_order":0,"comment_status":"closed","ping_status":"closed","template":"","meta":{"footnotes":""},"class_list":["post-82","page","type-page","status-publish","hentry"],"_links":{"self":[{"href":"https:\/\/www.aegois.com\/site\/wp-json\/wp\/v2\/pages\/82","targetHints":{"allow":["GET"]}}],"collection":[{"href":"https:\/\/www.aegois.com\/site\/wp-json\/wp\/v2\/pages"}],"about":[{"href":"https:\/\/www.aegois.com\/site\/wp-json\/wp\/v2\/types\/page"}],"author":[{"embeddable":true,"href":"https:\/\/www.aegois.com\/site\/wp-json\/wp\/v2\/users\/2"}],"replies":[{"embeddable":true,"href":"https:\/\/www.aegois.com\/site\/wp-json\/wp\/v2\/comments?post=82"}],"version-history":[{"count":4,"href":"https:\/\/www.aegois.com\/site\/wp-json\/wp\/v2\/pages\/82\/revisions"}],"predecessor-version":[{"id":1395,"href":"https:\/\/www.aegois.com\/site\/wp-json\/wp\/v2\/pages\/82\/revisions\/1395"}],"up":[{"embeddable":true,"href":"https:\/\/www.aegois.com\/site\/wp-json\/wp\/v2\/pages\/78"}],"wp:attachment":[{"href":"https:\/\/www.aegois.com\/site\/wp-json\/wp\/v2\/media?parent=82"}],"curies":[{"name":"wp","href":"https:\/\/api.w.org\/{rel}","templated":true}]}}