{"id":94,"date":"2016-08-26T19:19:55","date_gmt":"2016-08-26T18:19:55","guid":{"rendered":"http:\/\/www.aegois.com\/site\/?page_id=94"},"modified":"2016-08-26T19:19:58","modified_gmt":"2016-08-26T18:19:58","slug":"legislacao","status":"publish","type":"page","link":"https:\/\/www.aegois.com\/site\/professores\/avaliacao-de-desempenho-docente\/legislacao\/","title":{"rendered":"Legisla\u00e7\u00e3o"},"content":{"rendered":"<p>Legisla\u00e7\u00e3o relativa \u00e0 Avalia\u00e7\u00e3o de Desempenho Docente:<\/p>\n<p><strong><a href=\"https:\/\/www.aegois.com\/site\/wp-content\/uploads\/2016\/07\/26_2012_avaliacaodesempenho.pdf\">Decreto Regulamentar n.\u00ba 26\/2012 de 21 de fevereiro<\/a><\/strong><\/p>\n<p><strong><a href=\"https:\/\/www.aegois.com\/site\/wp-content\/uploads\/2016\/07\/Desp-Normativo-19-2012.pdf\">Despacho normativo n.\u00ba 19\/2012 de 17 de agosto<\/a><\/strong><\/p>\n<p><strong><a href=\"https:\/\/www.aegois.com\/site\/wp-content\/uploads\/2016\/07\/Portaria_266_2012-Diretores.pdf\">Portaria n.\u00ba 266\/2012 de 30 de agosto<\/a><\/strong><\/p>\n<p><strong><a href=\"https:\/\/www.aegois.com\/site\/wp-content\/uploads\/2016\/07\/Desp-12567-2012.pdf\">Despacho n.\u00ba 12567\/2012 de 26 de setembro<\/a><\/strong><\/p>\n<p><strong><a href=\"https:\/\/www.aegois.com\/site\/wp-content\/uploads\/2016\/07\/Desp-13981-2012.pdf\">Despacho n.\u00ba 13981\/2012 de 26 de outubro<\/a><\/strong><\/p>\n<p><strong><a href=\"https:\/\/www.aegois.com\/site\/wp-content\/uploads\/2016\/07\/Despacho-Norma-24-2012.pdf\">Despacho normativo n.\u00ba 24\/2012 de 26 de outubro<\/a><\/strong><\/p>\n<p><strong><a href=\"https:\/\/www.aegois.com\/site\/wp-content\/uploads\/2016\/07\/DGAE_nota_informativa_03_12_2012.pdf\">DGAE_nota_informativa_03_12_2012<\/a><\/strong><\/p>\n<p><strong><a href=\"https:\/\/www.aegois.com\/site\/wp-content\/uploads\/2016\/07\/Portaria-15_2013-ADD.pdf\">Portaria n.\u00ba 15\/2013 de 15 de janeiro<\/a><\/strong><\/p>\n","protected":false},"excerpt":{"rendered":"<p>Legisla\u00e7\u00e3o relativa \u00e0 Avalia\u00e7\u00e3o de Desempenho Docente: Decreto Regulamentar n.\u00ba 26\/2012 de 21 de fevereiro Despacho normativo n.\u00ba 19\/2012 de 17 de agosto Portaria n.\u00ba 266\/2012 de 30 de agosto Despacho n.\u00ba 12567\/2012 de 26 de setembro Despacho n.\u00ba 13981\/2012&hellip; <\/p>\n","protected":false},"author":2,"featured_media":0,"parent":90,"menu_order":0,"comment_status":"closed","ping_status":"closed","template":"","meta":{"footnotes":""},"class_list":["post-94","page","type-page","status-publish","hentry"],"_links":{"self":[{"href":"https:\/\/www.aegois.com\/site\/wp-json\/wp\/v2\/pages\/94","targetHints":{"allow":["GET"]}}],"collection":[{"href":"https:\/\/www.aegois.com\/site\/wp-json\/wp\/v2\/pages"}],"about":[{"href":"https:\/\/www.aegois.com\/site\/wp-json\/wp\/v2\/types\/page"}],"author":[{"embeddable":true,"href":"https:\/\/www.aegois.com\/site\/wp-json\/wp\/v2\/users\/2"}],"replies":[{"embeddable":true,"href":"https:\/\/www.aegois.com\/site\/wp-json\/wp\/v2\/comments?post=94"}],"version-history":[{"count":3,"href":"https:\/\/www.aegois.com\/site\/wp-json\/wp\/v2\/pages\/94\/revisions"}],"predecessor-version":[{"id":1362,"href":"https:\/\/www.aegois.com\/site\/wp-json\/wp\/v2\/pages\/94\/revisions\/1362"}],"up":[{"embeddable":true,"href":"https:\/\/www.aegois.com\/site\/wp-json\/wp\/v2\/pages\/90"}],"wp:attachment":[{"href":"https:\/\/www.aegois.com\/site\/wp-json\/wp\/v2\/media?parent=94"}],"curies":[{"name":"wp","href":"https:\/\/api.w.org\/{rel}","templated":true}]}}